e the highest common divisor of 21 and d.
3
Suppose 2*g - 5*f + 1 = 0, 2*g - 58 = -2*g - 2*f. Calculate the highest common factor of 96 and g.
12
Let t be 12/(-54) + 114/27. Suppose -t*h + 60 = h. What is the highest common divisor of h and 84?
12
Let o(w) = w**3 + w**2 + w + 4. Let d be o(0). Suppose p = d*p - 36. What is the highest common divisor of 48 and p?
12
Let w be (-1)/5 - 1444/(-20). Suppose -116 = 2*v - 4*v + 4*u, -5*v + 225 = 3*u. What is the highest common divisor of w and v?
24
Suppose 0 = 2*z - y - 114, 2*y = 5*z - 3*z - 118. What is the greatest common factor of z and 22?
11
Let a be 2 - (-13)/(-7) - (-12)/14. Calculate the highest common factor of 13 and a.
1
Let m be (-18)/(-14) + (-2)/7. Let j be 4 + (m + -1 - 0). Suppose -j*b + 4*z = 3*z - 62, 3*b - 4*z = 53. What is the greatest common divisor of b and 15?
15
Let m(y) = 6*y - 2*y - y - 1 - 2*y. Let p be m(10). Calculate the greatest common factor of p and 45.
9
Let h be 8*(-2 + 33/12). Let t = -2 + h. Suppose -6 + 46 = t*r. Calculate the highest common divisor of 15 and r.
5
Let u(c) = c + 38. Let k be u(0). What is the highest common divisor of k and 190?
38
Let h = 4 - 4. Suppose h = -u + 6*u - 485. Let g = -6 + u. What is the highest common divisor of g and 13?
13
Let f be (2 - (-4)/(-2))/1. Suppose -16 + 4 = -3*r. Suppose r*k - 3*k - 14 = f. What is the greatest common divisor of 14 and k?
14
Let t = 1 + 0. Suppose -6*m + 2*m = -8. What is the greatest common factor of m and t?
1
Let m be ((-8)/1)/(3/(-21)). Suppose -g - g + m = 0. Let l = g + -20. Calculate the highest common divisor of l and 40.
8
Let u(z) = -z**2 - 7*z + 8. Let j = -5 + -1. Let f be u(j). Let g be (-5)/(-2) - 2/4. What is the greatest common factor of g and f?
2
Let w(b) = -b**3 - 7*b**2 + 7*b - 4. Let r be w(-8). Suppose 3*u - 4*u = -r. Calculate the highest common factor of u and 12.
4
Let h be -3*((-14)/(-3))/2. Let w = 30 + h. Calculate the highest common divisor of 23 and w.
23
Let t(p) = 4*p**3 + 1. Let c be (-12)/18*(-9)/6. Let b be t(c). Let o = -25 + 70. What is the highest common divisor of b and o?
5
Let n be 1 + -1 + -2 + 2. Suppose 2*c - z + 9 = 0, n = c + z - 5*z + 1. Let f be 0/2 - c*1. Calculate the greatest common factor of f and 15.
5
Let i(n) = -n**2 + 24*n - 36. Let w be i(20). Calculate the greatest common factor of w and 66.
22
Suppose f - 128 = -0*f. Suppose -n + f = n. Calculate the highest common divisor of 8 and n.
8
Let x(b) = 2*b - 3. Let f be x(6). Let j = 20 + -11. What is the greatest common factor of j and f?
9
Suppose 2*c + 5*i + 19 = 0, 31 = 4*c - 2*c - 5*i. Suppose -c*b + 40 = -b. Calculate the highest common factor of b and 50.
10
Suppose -16 = -2*f - 2*f. Suppose q - 16 = -f*d, -5 = -3*d - 4*q + 7. Let y be 48 + 1 + (-4)/d. Calculate the highest common factor of 16 and y.
16
Suppose 315 = 7*r - 2*r. Suppose 34 = 5*m - 11. What is the greatest common factor of r and m?
9
Let k = -33 + 54. Calculate the greatest common divisor of k and 3.
3
Suppose -5*l + 5 + 14 = 3*x, -x = 5*l - 13. Suppose -1 = -l*i + 23. What is the greatest common divisor of 48 and i?
12
Let b(g) = g**3 - 5*g**2 + 8. Let x(a) = -a**2 + 12*a - 14. Let h be x(10). Let z be b(h). What is the highest common divisor of 11 and z?
11
Let v be (1/((-3)/(-57)))/1. Suppose 0 = -x - 1, -x = -0*a - 4*a + 9. Suppose -u - 2*u = 0, -4*n + 152 = a*u. Calculate the highest common divisor of n and v.
19
Let w(s) = 3*s - 19. Let d be w(8). Calculate the greatest common divisor of 40 and d.
5
Let j(m) = -4*m**3 + 4*m**2 - m - 3. Let i be j(-3). Suppose -2*z + i = z. Suppose 0 = 3*u - 4*u + 16. Calculate the greatest common factor of u and z.
16
Let p(y) = -y**2 - y + 72. Let j be p(0). Let v be -45 + 2 + 1 + 2. Let a = v - -58. What is the greatest common factor of a and j?
18
Let p be (-4*1)/(2 - 4). Suppose -2*u + 5*x = 2*u - 26, 5*x = -3*u + p. Suppose 5 = -n, w + 4*w - 85 = u*n. What is the greatest common divisor of w and 143?
13
Let i = -1 + 1. Suppose l - 6 = -i. Suppose -3*n - 18 = -l*n. What is the greatest common factor of n and 4?
2
Suppose 5*t + 6 = -a, -2 = 3*t + 2*a + 3. Let b = t + 7. What is the greatest common factor of 3 and b?
3
Let b(v) = v**2 + 3*v - 2. Let r be b(-4). Let s(t) = 2*t**3 - 2*t**2 - 3*t + 2. Let n be s(r). What is the highest common factor of n and 2?
2
Suppose -u - 3*y = u - 15, y = u - 10. Calculate the highest common factor of 9 and u.
9
Suppose -2*o - 2*o = -16. Suppose o*w - 548 = -84. What is the greatest common factor of w and 29?
29
Suppose -3*p + 5*p - 212 = 0. Let g = -57 + p. What is the greatest common factor of g and 7?
7
Suppose -4*p - 20 = 0, 19 = 5*y - 5*p - 56. Let g be (-8 + 4 + 5)*25. Calculate the highest common divisor of y and g.
5
Let s = 1 + 3. Let u be ((-10)/6)/((-2)/42). Let l = u - 25. Calculate the greatest common divisor of s and l.
2
Let h(g) = -g**3 - 15*g**2 - g - 5. Let f be h(-15). Calculate the greatest common factor of f and 5.
5
Let z(k) = -k**2 + 8*k - 5. Let s be z(7). Let r = 1 + s. Suppose -4*b - x + 44 = -2*b, -r*x = b - 17. What is the highest common factor of b and 207?
23
Let x be (-1 - -41)/1 - 0. Suppose 0*a - 2*a = 0. Suppose 4*c - 5*k + 4*k - 37 = a, c + 5*k = 25. What is the greatest common factor of c and x?
10
Let m = 2 + -2. Suppose 0*x - 3*x + 75 = m. Calculate the highest common divisor of x and 10.
5
Let u(w) = -2*w. Let r = -14 + 10. Let h be u(r). Let x(i) = 16*i**2 + i - 2. Let v be x(2). Calculate the highest common divisor of v and h.
8
Let c be (-4)/(-10) - 626/(-10). Let j be ((-12)/(-9))/(-2)*9. Let g be (-3)/j - (-13)/2. Calculate the highest common factor of c and g.
7
Suppose 0 = 2*k + k + 9, -4*d = -3*k - 93. Calculate the greatest common factor of d and 3.
3
Suppose 2*c - 3*c + 87 = 0. Let k be c/9 + (-3)/(-9). Suppose 2*o - 220 = -0*o. Calculate the greatest common factor of o and k.
10
Suppose j - 5*h = -20, -3*j + 8 = -4*j + 2*h. Suppose 0 = b - 3*l - 67, -3*b + j*b + 191 = l. Calculate the highest common divisor of b and 8.
8
Suppose -5*s + 5 = y, 3 = -2*y + 2*s + s. Suppose y = -0*v + 5*v. Suppose v = -a - 4*c + 20, c = -5*a + 4*c + 8. Calculate the highest common factor of 6 and a.
2
Let g be 2/(-6) - (-2)/6. Let j = g - -16. Let h be ((-10)/(-3))/(3/36). What is the highest common factor of h and j?
8
Suppose -3*z + 5*z + 3*w - 100 = 0, -2*z + 100 = 5*w. Let q(v) = 5 + 2*v + 0 - v. Let p be q(5). Calculate the highest common divisor of p and z.
10
Let g = 103 + 23. Let s(k) = 20*k + 2. Let r(c) = 19*c + 1. Let f(b) = -3*r(b) + 2*s(b). Let a be f(-1). Calculate the greatest common divisor of a and g.
18
Let v be (-36)/6 + 3 - -32. Calculate the greatest common divisor of v and 290.
29
Suppose 2*g = 5*j - 875, -5*g + 10*g - 733 = -4*j. Suppose 4*n = j + 63. What is the highest common divisor of 12 and n?
12
Suppose 60 = 5*q - 0. Let x be -1 - 2*5/(-2). Suppose 47 = x*d + 2*y - 3*y, 4*y - 64 = -5*d. What is the highest common divisor of q and d?
12
Let j = 2 + 2. Let d = 0 + j. Calculate the greatest common divisor of 16 and d.
4
Suppose 0 = 2*x - 26 + 8. Let u(w) = 3*w - 3. Let q be u(x). Let g be -1*32*2/(-4). Calculate the highest common divisor of g and q.
8
Let o be (58/(-4))/((-4)/8). Calculate the highest common factor of 87 and o.
29
Let g(i) = i**3 - i**2 - 6*i - 8. Let b be g(6). Let t be 32/128 - 135/(-4). Calculate the highest common divisor of t and b.
34
Let m(z) = z**3 + 5*z**2 - 8*z - 7. Let c be m(-6). Suppose -69 = -c*o - p, 5*o - 2*p + 11 = 68. What is the highest common divisor of 143 and o?
13
Let j be 3*8/(-12) - -7. What is the greatest common factor of j and 45?
5
Let n = -4 + 6. Let m = n - -2. Let w be ((-8)/20)/(2/(-50)). Calculate the highest common factor of w and m.
2
Suppose -k - 3*o = -30, 5*k + 0*o = 3*o + 60. Calculate the highest common divisor of k and 120.
15
Let n = 26 + -20. Suppose 0 = 5*d - 4*d - 4. What is the highest common factor of n and d?
2
Let s = 22 - 11. Suppose -2*h - 4*h + 6 = 0. What is the highest common divisor of s and h?
1
Let f be 284 + -4 + -1 + 1. Let t = f - 136. Let g be (-2)/(-4) - 62/(-4). Calculate the greatest common factor of t and g.
16
Suppose 3*w + 7 = 52. Calculate the highest common factor of w and 165.
15
Let s = 23 - 0. Calcula